{"id":22,"date":"2022-08-16T23:32:46","date_gmt":"2022-08-16T21:32:46","guid":{"rendered":"http:\/\/fyzioterapieledec.cz\/?page_id=22"},"modified":"2022-10-03T17:10:23","modified_gmt":"2022-10-03T15:10:23","slug":"nabizime","status":"publish","type":"page","link":"http:\/\/fyzioterapieledec.cz\/?page_id=22","title":{"rendered":"Nab\u00edz\u00edme"},"content":{"rendered":"\n<p class=\"wp-block-paragraph\"><strong>Nab\u00edz\u00edme terapii:<\/strong><br>\u2043 Kojenc\u016f, d\u011bt\u00ed i dosp\u011bl\u00fdch&nbsp;<br>\u2043 Po \u00farazech<br>\u2043 P\u0159i bolestech pohybov\u00e9ho apar\u00e1tu (v\u00fdh\u0159ezy plot\u00e9nek, artr\u00f3zy, degenerativn\u00ed onemocn\u011bn\u00ed \u2026<\/p>\n\n\n\n<p class=\"wp-block-paragraph\"><strong>Individu\u00e1ln\u00ed p\u0159\u00edstup<\/strong><br>\u2043 M\u011bkk\u00e9 techniky<br>\u2043 Mobilizace<br>\u2043 L\u00e9\u010debn\u00e1 t\u011blesn\u00e1 v\u00fdchova analytick\u00e1\u00a0<br>\u2043 L\u00e9\u010debna t\u011blesn\u00e1 v\u00fdchova na neurofyziologick\u00e9m podklad\u011b\u00a0<\/p>\n\n\n\n<p class=\"wp-block-paragraph\"><strong>Konzultace:<\/strong><\/p>\n\n\n\n<p class=\"wp-block-paragraph\">&#8211; spr\u00e1vn\u00e9ho psychomotorick\u00e9ho v\u00fdvoje d\u011bt\u00ed od novorozenc\u016f do jednoho roku<\/p>\n\n\n\n<p class=\"wp-block-paragraph\">&#8211; vhodn\u00e9ho polohov\u00e1n\u00ed,stimulace a manipulace pro spr\u00e1vn\u00fd pohybov\u00fd v\u00fdvoj d\u00edt\u011bte<\/p>\n\n\n\n<p class=\"wp-block-paragraph\"><strong>Vyu\u017e\u00edv\u00e1me:<\/strong><br>\u2043 Fyzioterapeutick\u00e9 metody a koncepty:<br>&nbsp; &nbsp; &nbsp; &nbsp;Vojt\u016fv princip<br>&nbsp; &nbsp; &nbsp; &nbsp;Bobath koncept<br>&nbsp; &nbsp; &nbsp; &nbsp;SM &#8211; syst\u00e9m dle MUDr. Sm\u00ed\u0161ka<\/p>\n\n\n\n<p class=\"wp-block-paragraph\">&nbsp; &nbsp; &nbsp; &nbsp;ACT<\/p>\n\n\n\n<p class=\"wp-block-paragraph\">&nbsp; &nbsp; &nbsp; &nbsp;Synergick\u00e1 reflexn\u00ed terapie<\/p>\n\n\n\n<p class=\"wp-block-paragraph\">&nbsp; &nbsp; &nbsp; &nbsp;Senzomototrick\u00e1 stimulace<\/p>\n\n\n\n<p class=\"wp-block-paragraph\">&nbsp; &nbsp; &nbsp; &nbsp;A dal\u0161\u00ed<\/p>\n\n\n\n<p class=\"wp-block-paragraph\"><strong>\u2043 P\u0159\u00edstrojovou terapii<\/strong><br>&nbsp; &nbsp; &nbsp; Elektrol\u00e9\u010dba (elektroanalg\u00e9zi, elektrostimukace)<br>&nbsp; &nbsp; &nbsp; Ultrazvuk<\/p>\n\n\n\n<p class=\"wp-block-paragraph\"><strong>&#8211; Dal\u0161\u00ed slu\u017eby:<\/strong><br>&nbsp; &nbsp; &nbsp;Tejpov\u00e1n\u00ed&nbsp;<br>&nbsp; &nbsp; &nbsp;Klasick\u00e1 mas\u00e1\u017e<\/p>\n","protected":false},"excerpt":{"rendered":"<p>Nab\u00edz\u00edme terapii:\u2043 Kojenc\u016f, d\u011bt\u00ed i dosp\u011bl\u00fdch&nbsp;\u2043 Po \u00farazech\u2043 P\u0159i bolestech pohybov\u00e9ho apar\u00e1tu (v\u00fdh\u0159ezy plot\u00e9nek, artr\u00f3zy, degenerativn\u00ed onemocn\u011bn\u00ed \u2026 Individu\u00e1ln\u00ed p\u0159\u00edstup\u2043 M\u011bkk\u00e9 techniky\u2043 Mobilizace\u2043 L\u00e9\u010debn\u00e1 t\u011blesn\u00e1 v\u00fdchova analytick\u00e1\u00a0\u2043 L\u00e9\u010debna t\u011blesn\u00e1 v\u00fdchova &hellip; <\/p>\n","protected":false},"author":1,"featured_media":0,"parent":0,"menu_order":0,"comment_status":"closed","ping_status":"closed","template":"","meta":{"footnotes":""},"class_list":["post-22","page","type-page","status-publish","hentry"],"_links":{"self":[{"href":"http:\/\/fyzioterapieledec.cz\/index.php?rest_route=\/wp\/v2\/pages\/22","targetHints":{"allow":["GET"]}}],"collection":[{"href":"http:\/\/fyzioterapieledec.cz\/index.php?rest_route=\/wp\/v2\/pages"}],"about":[{"href":"http:\/\/fyzioterapieledec.cz\/index.php?rest_route=\/wp\/v2\/types\/page"}],"author":[{"embeddable":true,"href":"http:\/\/fyzioterapieledec.cz\/index.php?rest_route=\/wp\/v2\/users\/1"}],"replies":[{"embeddable":true,"href":"http:\/\/fyzioterapieledec.cz\/index.php?rest_route=%2Fwp%2Fv2%2Fcomments&post=22"}],"version-history":[{"count":2,"href":"http:\/\/fyzioterapieledec.cz\/index.php?rest_route=\/wp\/v2\/pages\/22\/revisions"}],"predecessor-version":[{"id":38,"href":"http:\/\/fyzioterapieledec.cz\/index.php?rest_route=\/wp\/v2\/pages\/22\/revisions\/38"}],"wp:attachment":[{"href":"http:\/\/fyzioterapieledec.cz\/index.php?rest_route=%2Fwp%2Fv2%2Fmedia&parent=22"}],"curies":[{"name":"wp","href":"https:\/\/api.w.org\/{rel}","templated":true}]}}

Nabízíme

<p class="wp-block-paragraph"><strong>Nabízíme terapii:</strong><br>⁃ Kojenců, dětí i dospělých&nbsp;<br>⁃ Po úrazech<br>⁃ Při bolestech pohybového aparátu (výhřezy plotének, artrózy, degenerativní onemocnění …</p>



<p class="wp-block-paragraph"><strong>Individuální přístup</strong><br>⁃ Měkké techniky<br>⁃ Mobilizace<br>⁃ Léčebná tělesná výchova analytická <br>⁃ Léčebna tělesná výchova na neurofyziologickém podkladě </p>



<p class="wp-block-paragraph"><strong>Konzultace:</strong></p>



<p class="wp-block-paragraph">&#8211; správného psychomotorického vývoje dětí od novorozenců do jednoho roku</p>



<p class="wp-block-paragraph">&#8211; vhodného polohování,stimulace a manipulace pro správný pohybový vývoj dítěte</p>



<p class="wp-block-paragraph"><strong>Využíváme:</strong><br>⁃ Fyzioterapeutické metody a koncepty:<br>&nbsp; &nbsp; &nbsp; &nbsp;Vojtův princip<br>&nbsp; &nbsp; &nbsp; &nbsp;Bobath koncept<br>&nbsp; &nbsp; &nbsp; &nbsp;SM &#8211; systém dle MUDr. Smíška</p>



<p class="wp-block-paragraph">&nbsp; &nbsp; &nbsp; &nbsp;ACT</p>



<p class="wp-block-paragraph">&nbsp; &nbsp; &nbsp; &nbsp;Synergická reflexní terapie</p>



<p class="wp-block-paragraph">&nbsp; &nbsp; &nbsp; &nbsp;Senzomototrická stimulace</p>



<p class="wp-block-paragraph">&nbsp; &nbsp; &nbsp; &nbsp;A další</p>



<p class="wp-block-paragraph"><strong>⁃ Přístrojovou terapii</strong><br>&nbsp; &nbsp; &nbsp; Elektroléčba (elektroanalgézi, elektrostimukace)<br>&nbsp; &nbsp; &nbsp; Ultrazvuk</p>



<p class="wp-block-paragraph"><strong>&#8211; Další služby:</strong><br>&nbsp; &nbsp; &nbsp;Tejpování&nbsp;<br>&nbsp; &nbsp; &nbsp;Klasická masáž</p>

<p>Nabízíme terapii:⁃ Kojenců, dětí i dospělých&nbsp;⁃ Po úrazech⁃ Při bolestech pohybového aparátu (výhřezy plotének, artrózy, degenerativní onemocnění … Individuální přístup⁃ Měkké techniky⁃ Mobilizace⁃ Léčebná tělesná výchova analytická ⁃ Léčebna tělesná výchova &hellip; </p>
