{"id":5,"date":"2022-08-16T23:25:34","date_gmt":"2022-08-16T21:25:34","guid":{"rendered":"http:\/\/fyzioterapieledec.cz\/?page_id=5"},"modified":"2022-08-16T23:26:54","modified_gmt":"2022-08-16T21:26:54","slug":"domu","status":"publish","type":"page","link":"http:\/\/fyzioterapieledec.cz\/","title":{"rendered":"Dom\u016f"},"content":{"rendered":"\n<p class=\"wp-block-paragraph\">Fyzioterapie poliklinika Lede\u010d nad S\u00e1zavou &#8211; Eva B\u0159ez\u00edkov\u00e1\u00a0<br>Habreck\u00e1 450, 584 01 Lede\u010d nad S\u00e1zavou\u00a0<\/p>\n\n\n\n<p class=\"wp-block-paragraph\">Telefonn\u00ed \u010d\u00edslo: +420 771 272 215<br>Objedn\u00e1vky po telefonu<\/p>\n\n\n\n<p class=\"wp-block-paragraph\">Otev\u00edrac\u00ed doba:<br>Pond\u011bl\u00ed &nbsp; &nbsp; &nbsp; 7.00-12.30 &nbsp; &nbsp; &nbsp; &nbsp;13.00-16.30<\/p>\n\n\n\n<p class=\"wp-block-paragraph\">\u00dater\u00fd &nbsp; &nbsp; &nbsp; &nbsp; &nbsp;6.30-12.30 &nbsp; &nbsp; &nbsp; &nbsp;13.00-15.00<br>St\u0159eda &nbsp; &nbsp; &nbsp; &nbsp;6.30-12.30 &nbsp; &nbsp; &nbsp; &nbsp;13.00-16.00<br>\u010ctvrtek &nbsp; &nbsp; &nbsp; 6.30-12.30 &nbsp; &nbsp; &nbsp; &nbsp; 13.00-15.00<br>P\u00e1tek &nbsp; &nbsp; &nbsp; &nbsp; 6.30-12.30<\/p>\n\n\n\n<p class=\"wp-block-paragraph\">Nab\u00edz\u00edme terapii:<br>\u2043 Kojenc\u016f, d\u011bt\u00ed i dosp\u011bl\u00fdch&nbsp;<br>\u2043 Po \u00farazech<br>\u2043 P\u0159i bolestech pohybov\u00e9ho apar\u00e1tu (v\u00fdh\u0159ezy plot\u00e9nek, artr\u00f3zy, degenerativn\u00ed onemocn\u011bn\u00ed \u2026<\/p>\n\n\n\n<p class=\"wp-block-paragraph\">Individu\u00e1ln\u00ed p\u0159\u00edstup<br>\u2043 M\u011bkk\u00e9 techniky<br>\u2043 Mobilizace<br>\u2043 L\u00e9\u010debn\u00e1 t\u011blesn\u00e1 v\u00fdchova analytick\u00e1&nbsp;<br>\u2043 L\u00e9\u010debna t\u011blesn\u00e1 v\u00fdchova na neurofyziologick\u00e9m podklad\u011b&nbsp;<\/p>\n\n\n\n<p class=\"wp-block-paragraph\">Vyu\u017e\u00edv\u00e1me:<br>\u2043 Fyzioterapeutick\u00e9 metody a koncepty:<br>&nbsp; &nbsp; &nbsp; &nbsp;Vojt\u016fv princip<br>&nbsp; &nbsp; &nbsp; &nbsp;Bobath koncept<br>&nbsp; &nbsp; &nbsp; &nbsp;SM &#8211; syst\u00e9m dle MUDr. Sm\u00ed\u0161ka<\/p>\n\n\n\n<p class=\"wp-block-paragraph\">&nbsp; &nbsp; &nbsp; &nbsp;ACT<\/p>\n\n\n\n<p class=\"wp-block-paragraph\">&nbsp; &nbsp; &nbsp; &nbsp;Synergick\u00e1 reflexn\u00ed terapie<\/p>\n\n\n\n<p class=\"wp-block-paragraph\">&nbsp; &nbsp; &nbsp; &nbsp;Senzomototrick\u00e1 stimulace<\/p>\n\n\n\n<p class=\"wp-block-paragraph\">&nbsp; &nbsp; &nbsp; &nbsp;A dal\u0161\u00ed<\/p>\n\n\n\n<p class=\"wp-block-paragraph\">\u2043 P\u0159\u00edstrojovou terapii<br>&nbsp; &nbsp; &nbsp; Elektrol\u00e9\u010dba (elektroanalg\u00e9zi, elektrostimukace)<br>&nbsp; &nbsp; &nbsp; Ultrazvuk<\/p>\n\n\n\n<p class=\"wp-block-paragraph\">&#8211; Dal\u0161\u00ed slu\u017eby:<br>&nbsp; &nbsp; &nbsp;Tejpov\u00e1n\u00ed&nbsp;<br>&nbsp; &nbsp; &nbsp;Klasick\u00e1 mas\u00e1\u017e<\/p>\n","protected":false},"excerpt":{"rendered":"<p>Fyzioterapie poliklinika Lede\u010d nad S\u00e1zavou &#8211; Eva B\u0159ez\u00edkov\u00e1\u00a0Habreck\u00e1 450, 584 01 Lede\u010d nad S\u00e1zavou\u00a0 Telefonn\u00ed \u010d\u00edslo: +420 771 272 215Objedn\u00e1vky po telefonu Otev\u00edrac\u00ed doba:Pond\u011bl\u00ed &nbsp; &nbsp; &nbsp; 7.00-12.30 &nbsp; &nbsp; &hellip; <\/p>\n","protected":false},"author":1,"featured_media":0,"parent":0,"menu_order":0,"comment_status":"closed","ping_status":"closed","template":"","meta":{"footnotes":""},"class_list":["post-5","page","type-page","status-publish","hentry"],"_links":{"self":[{"href":"http:\/\/fyzioterapieledec.cz\/index.php?rest_route=\/wp\/v2\/pages\/5","targetHints":{"allow":["GET"]}}],"collection":[{"href":"http:\/\/fyzioterapieledec.cz\/index.php?rest_route=\/wp\/v2\/pages"}],"about":[{"href":"http:\/\/fyzioterapieledec.cz\/index.php?rest_route=\/wp\/v2\/types\/page"}],"author":[{"embeddable":true,"href":"http:\/\/fyzioterapieledec.cz\/index.php?rest_route=\/wp\/v2\/users\/1"}],"replies":[{"embeddable":true,"href":"http:\/\/fyzioterapieledec.cz\/index.php?rest_route=%2Fwp%2Fv2%2Fcomments&post=5"}],"version-history":[{"count":2,"href":"http:\/\/fyzioterapieledec.cz\/index.php?rest_route=\/wp\/v2\/pages\/5\/revisions"}],"predecessor-version":[{"id":15,"href":"http:\/\/fyzioterapieledec.cz\/index.php?rest_route=\/wp\/v2\/pages\/5\/revisions\/15"}],"wp:attachment":[{"href":"http:\/\/fyzioterapieledec.cz\/index.php?rest_route=%2Fwp%2Fv2%2Fmedia&parent=5"}],"curies":[{"name":"wp","href":"https:\/\/api.w.org\/{rel}","templated":true}]}}

Domů

<p class="wp-block-paragraph">Fyzioterapie poliklinika Ledeč nad Sázavou &#8211; Eva Březíková <br>Habrecká 450, 584 01 Ledeč nad Sázavou </p>



<p class="wp-block-paragraph">Telefonní číslo: +420 771 272 215<br>Objednávky po telefonu</p>



<p class="wp-block-paragraph">Otevírací doba:<br>Pondělí &nbsp; &nbsp; &nbsp; 7.00-12.30 &nbsp; &nbsp; &nbsp; &nbsp;13.00-16.30</p>



<p class="wp-block-paragraph">Úterý &nbsp; &nbsp; &nbsp; &nbsp; &nbsp;6.30-12.30 &nbsp; &nbsp; &nbsp; &nbsp;13.00-15.00<br>Středa &nbsp; &nbsp; &nbsp; &nbsp;6.30-12.30 &nbsp; &nbsp; &nbsp; &nbsp;13.00-16.00<br>Čtvrtek &nbsp; &nbsp; &nbsp; 6.30-12.30 &nbsp; &nbsp; &nbsp; &nbsp; 13.00-15.00<br>Pátek &nbsp; &nbsp; &nbsp; &nbsp; 6.30-12.30</p>



<p class="wp-block-paragraph">Nabízíme terapii:<br>⁃ Kojenců, dětí i dospělých&nbsp;<br>⁃ Po úrazech<br>⁃ Při bolestech pohybového aparátu (výhřezy plotének, artrózy, degenerativní onemocnění …</p>



<p class="wp-block-paragraph">Individuální přístup<br>⁃ Měkké techniky<br>⁃ Mobilizace<br>⁃ Léčebná tělesná výchova analytická&nbsp;<br>⁃ Léčebna tělesná výchova na neurofyziologickém podkladě&nbsp;</p>



<p class="wp-block-paragraph">Využíváme:<br>⁃ Fyzioterapeutické metody a koncepty:<br>&nbsp; &nbsp; &nbsp; &nbsp;Vojtův princip<br>&nbsp; &nbsp; &nbsp; &nbsp;Bobath koncept<br>&nbsp; &nbsp; &nbsp; &nbsp;SM &#8211; systém dle MUDr. Smíška</p>



<p class="wp-block-paragraph">&nbsp; &nbsp; &nbsp; &nbsp;ACT</p>



<p class="wp-block-paragraph">&nbsp; &nbsp; &nbsp; &nbsp;Synergická reflexní terapie</p>



<p class="wp-block-paragraph">&nbsp; &nbsp; &nbsp; &nbsp;Senzomototrická stimulace</p>



<p class="wp-block-paragraph">&nbsp; &nbsp; &nbsp; &nbsp;A další</p>



<p class="wp-block-paragraph">⁃ Přístrojovou terapii<br>&nbsp; &nbsp; &nbsp; Elektroléčba (elektroanalgézi, elektrostimukace)<br>&nbsp; &nbsp; &nbsp; Ultrazvuk</p>



<p class="wp-block-paragraph">&#8211; Další služby:<br>&nbsp; &nbsp; &nbsp;Tejpování&nbsp;<br>&nbsp; &nbsp; &nbsp;Klasická masáž</p>

<p>Fyzioterapie poliklinika Ledeč nad Sázavou &#8211; Eva Březíková Habrecká 450, 584 01 Ledeč nad Sázavou  Telefonní číslo: +420 771 272 215Objednávky po telefonu Otevírací doba:Pondělí &nbsp; &nbsp; &nbsp; 7.00-12.30 &nbsp; &nbsp; &hellip; </p>
